 -10 + 17. Suppose g = -r + 9. Suppose 3*i - 129 = -g*t - t, -5*t - 31 = -i. What is the tens digit of i?
4
Let h(u) = 2*u**2 + 51*u + 211. What is the tens digit of h(-49)?
1
Suppose 9 = -6*y + 3*y. Let u be -8 + y - (-1 - -2). Let p = -8 - u. What is the units digit of p?
4
Let b(z) = -z + 12. Let p be b(7). Let r = -13 - p. Let k = 54 + r. What is the units digit of k?
6
Suppose -6*n + 8 = 2*n. What is the units digit of (5 - 6)*(1 + -3 + n)?
1
Suppose -4*f - f = 50. Let w = f + 8. What is the units digit of 474/9 - w/(-3)?
2
Let j = 1481 - 961. What is the hundreds digit of j?
5
Let h = -13 + 123. Suppose -h - 30 = -4*w + 4*o, 0 = w + 4*o - 15. Suppose -6*r = 5*q - 2*r - 173, w = q - r. What is the units digit of q?
3
Let k = 519 + -127. What is the tens digit of k?
9
Let x(t) = 701*t + 2. What is the hundreds digit of x(1)?
7
Let h = -7 - 7. What is the units digit of 36/21*(-49)/h?
6
Let q be (1 - (-7)/(-3)) + (-5735)/(-15). Suppose 0 = 3*b + u - q, 2*b - u = -33 + 282. What is the units digit of b?
6
Let j be 5424/(-30)*(-5)/2. What is the hundreds digit of j/(-6)*(-84)/56?
1
Let g(l) = 39*l - 3. Let x be g(2). What is the units digit of ((-90)/x)/(6/(-100))?
0
Suppose -t - 5*v + 11 = 0, 1 = -3*t + 5*v - 3*v. Suppose 0*p + 5*m = -3*p - 34, 3*m = p - 12. What is the units digit of t*(-1 - p)/2?
1
Let c be (123/12 - (-9)/12) + -3. Suppose 4*r = c, -5*r - 958 = -4*q - 10*r. What is the tens digit of q?
3
Suppose -3*h + 4*q = 49 + 91, -6 = -3*q. What is the units digit of (-1573)/h + 2/8?
6
Let y = 201 - -203. Suppose y = 2*m + i, -2*m + 808 = 2*m - 3*i. What is the hundreds digit of m?
2
Suppose 2*m + 0*m = 0. Suppose m = 3*o + 3, -2*t - 2*o = -0*t - 26. What is the tens digit of t?
1
Let t(v) = -3*v - 6. Let z be t(-2). Suppose 2*k + u - 140 = z, 4*k - 5*u - 51 = 201. What is the tens digit of k?
6
Let h(q) = -q**3 + 3*q**2 + 2*q - 4. Let d be h(3). Let p = 6 - d. Suppose -5*m + 4*b = -82, b - 48 = -3*m + p*b. What is the units digit of m?
8
Let v(r) be the second derivative of -5*r**3/6 - 3*r**2 + 11*r. What is the units digit of v(-8)?
4
Let l(p) = -4*p**2 + p. Let d be l(1). Let w be (-289)/d + 3/(-9). Suppose -u = -5*u + w. What is the tens digit of u?
2
Suppose -16*v + 11448 = 2*v. What is the units digit of v?
6
Suppose 0 = -4*b + 7*b - 105. Let k = 29 - b. Let i = 9 - k. What is the tens digit of i?
1
Let y(b) = 7*b**2 - 13*b + 21. What is the tens digit of y(10)?
9
Suppose 2*f = 4*d - 1878 + 552, -4*d = 2*f - 1314. What is the units digit of d?
0
Let m = 64 + 14. What is the units digit of m?
8
Let c = 80 + -32. Let h = c + 12. What is the units digit of h?
0
Let w = -962 - -1460. What is the tens digit of w?
9
Suppose -118*v + 113*v + 5*a + 565 = 0, 2*a = 0. What is the hundreds digit of v?
1
Suppose 3*v = 676 - 16. Suppose -3*f - p + 307 = 0, 0 = -4*f + 4*p + v + 184. What is the units digit of f?
2
Let y(z) = -50*z + 15. What is the tens digit of y(-10)?
1
Let x(v) = v**3 - 18*v**2 - 19*v - 49. What is the tens digit of x(20)?
7
Let b(v) be the third derivative of 1/60*v**5 + 0*v - 1/4*v**4 + 4/3*v**3 - 3*v**2 + 0. What is the tens digit of b(7)?
1
What is the tens digit of (30 - 30) + 5010/(2 - -1)?
7
Suppose 60 = 5*k - 9*k. Let d = k - -74. What is the units digit of d?
9
Let x(u) be the third derivative of u**5/60 + 19*u**4/24 - u**3 - 11*u**2. Let j be x(-19). What is the units digit of (-8)/12*j - -12?
6
Suppose 0 = 2*z + 2*o - 0*o - 396, -5*z + 5*o = -970. Suppose 10*y = 11*y - z. What is the tens digit of y?
9
What is the tens digit of (67 + -5 + 0)/((-2)/(-52))?
1
Suppose 4*u + 564 = 4*r, -711 = -r - 4*r + 3*u. Suppose -27 - r = -s. What is the tens digit of s?
7
Let y(k) = -3*k**3 + k**2 - 3*k + 1. Let h be y(2). Let i = h - -6. Let m = 34 + i. What is the tens digit of m?
1
Suppose -3*f + 4*c + 2710 = 0, 16*f + c = 15*f + 894. What is the hundreds digit of f?
8
What is the hundreds digit of -4 + (9 - -262)/(1/2)?
5
Let d = 1 - -1. Suppose -4*g + 6 = -5*y - 0*y, -2*g = -3*y - d. Suppose -16 = -u + 3*q + 43, -4*u + g*q + 212 = 0. What is the units digit of u?
0
Let n(l) = 2*l**2 - l - 19. Let q be n(-6). Let s(c) = -c**3 - c**2 - c. Let u be s(-1). Suppose y - 125 = -2*h, 3*y - u - q = -h. What is the tens digit of h?
6
Let v(m) = -m + 11. Let f be v(15). What is the tens digit of ((-47)/(-2))/((-2)/f)?
4
Let n be (1/((-6)/(-9)))/((-9)/(-24)). What is the units digit of (-312)/(-9) - n/(-12)?
5
Suppose -4*j - 4 = 0, -3*k = -0*k - j - 22. Suppose 169 = 2*h + k. What is the tens digit of h?
8
Let r be (-2)/(2 + (-2322)/1158). Suppose 2*l = 4*l - r. What is the units digit of l?
3
Suppose 114 - 30 = 7*u. Let s = -10 + u. Suppose s*y - 6*y = -268. What is the tens digit of y?
6
Suppose 3*d = 599 + 2194. What is the tens digit of d?
3
Suppose -7*i + 8 = -9*i. What is the units digit of (-36)/(-24)*i/(-6)?
1
Let o(y) be the third derivative of -y**5/60 - y**4/3 - 5*y**3/6 - 7*y**2. What is the units digit of o(-3)?
0
Let a(u) = -2*u - 8. Suppose -4*j = -2*z + 9 - 33, -4*z = -4*j + 32. Let i be a(z). Suppose -5*p + 152 + 28 = i. What is the tens digit of p?
3
Suppose 5*j + 419 = p, -8*p + 2*j - 440 = -9*p. What is the tens digit of p?
3
Suppose -26520 = -12*g - 22*g. What is the units digit of g?
0
Suppose 3*q - 11*q + 2528 = 0. What is the tens digit of q?
1
Suppose 21*d - 11111 = 2896. What is the tens digit of d?
6
Let i = -199 - -222. What is the tens digit of i?
2
Let k(l) = -l**3 - 10*l**2 + 9*l + 15. Let p be k(-10). Let t = 160 + p. Suppose 2*s + 3*s = 5*m + 115, -5*s - m = -t. What is the tens digit of s?
1
Suppose -2*i = -4242 - 1716. What is the tens digit of i?
7
Suppose 534*i - 537*i + 447 = 0. What is the hundreds digit of i?
1
Suppose 2 = -t + 22. Let s = t - 20. Suppose s = 24*a - 21*a - 150. What is the tens digit of a?
5
Let d = 1885 + -1155. What is the tens digit of d?
3
What is the hundreds digit of (17 + (-2838)/(-10))/((-4)/(-10))?
7
Let h = 7 - 5. Suppose -y + 45 = 2*s, -4*y - s + 189 = -h*s. What is the tens digit of y?
4
Let m(w) be the second derivative of -1/10*w**5 - 1/2*w**2 - 1/6*w**3 - 1/3*w**4 - 6*w + 0. What is the units digit of m(-3)?
0
Let z = -1105 + 2277. What is the hundreds digit of z?
1
Let x(v) = -v**3 - 11*v**2 - v - 14. Let z be x(-12). Suppose -z = -7*i + 201. What is the units digit of i?
9
Let d(r) = -2*r + 4. Let f be d(2). Let o(c) = -c**2 + c + 6. Let n be o(f). Suppose 2*x + 8 = j + n*x, 2*x = 2*j - 56. What is the tens digit of j?
2
Let w(h) = -h**2 + 9*h + 10. Let m(n) be the second derivative of n**4/12 + 2*n**3 + 4*n**2 + 2*n. Let t be m(-12). What is the units digit of w(t)?
8
Suppose -170*s - 5724 = -182*s. What is the units digit of s?
7
Let f(g) = -g**3 + 7*g**2 - 2*g + 4. Let p(t) = 11*t**3 + 16*t**2 - 4*t**2 - 9*t + 20*t + 6 - 10*t**3. Let z be p(-11). What is the units digit of f(z)?
8
Let v = -4833 + 7312. What is the hundreds digit of v?
4
Let k be (0 - -6)*-4*(-8)/16. Suppose k*v - 246 = 3222. What is the tens digit of v?
8
Let g be ((-3)/(-15))/((-3)/(-15)). Let o be 1 + g - (5 + -42). Let b = -20 + o. What is the units digit of b?
9
Let l = 27 - 25. What is the tens digit of 2/(-6)*l*(-852)/8?
7
Let f(c) = c**3 + 22*c**2 + 25*c + 180. What is the tens digit of f(-19)?
8
What is the units digit of (9304/(-14))/(184/(-644))?
6
Let u(l) = l**2 + 10*l - 3. Let h be u(-17). Let v = -102 + h. What is the units digit of v?
4
Suppose 0 = -2*d + 3*z + z + 80, -5*z - 43 = -d. Let c = d + -12. Suppose -2*u - c = -4*u. What is the units digit of u?
3
Let x = -21 - -22. Let s be 167 - x - (-2)/(-2). Suppose 5*c - s = 3*r, 4*c = c + 2*r + 100. What is the tens digit of c?
3
Suppose -3*u + 81 + 255 = 0. Suppose 3*h = -4*a - u, -h - 2 - 18 = -3*a. Let t = -16 - h. What is the tens digit of t?
1
Let b(q) = -140*q - 6. Let s be b(-3). Let o be 15/60 - s/(-8). Suppose -o - 118 = -5*m. What is the units digit of m?
4
Let g = -17 - -11. Let n(a) = a + 9. Let o be n(g). Suppose 5*s + j - 203 = -47, -o*j + 34 = s. What is the tens digit of s?
3
Suppose 15*d - 19*d = -2*n - 3120, 5*n = -5*d + 3930. What is the tens digit of d?
8
Suppose 2*s - 6*s = -20. Suppose -s*k + 0*k = -115. Let b = k + -11. What is the tens digit of b?
1
What is the hundreds digit of (5 + 68/(-16))*840?
6
